232 (base 4) in base 15?
-528d0
-675313 (base 8) to base 12
-abb77
11122211101 (base 3) to base 5
10413404
Convert 17aaa (base 11) to base 10.
25288
-166258 (base 12) to base 14
-9dd08
What is 7b9138 (base 12) in base 4?
13210301330
Convert -241645 (base 7) to base 6.
-535104
1502462 (base 7) to base 4
301131302
Convert -214023421 (base 5) to base 13.
-264520
1065965 (base 12) to base 10
3120413
Convert -11111010100010010100 (base 2) to base 13.
-29c122
What is 102201011110 (base 3) in base 6?
4535020
What is -120010022202201 (base 3) in base 5?
-4024141210
Convert -24545137 (base 8) to base 15.
-722974
-195275 (base 11) to base 3
-120020020200
What is 1111011010000000 (base 2) in base 16?
f680
Convert -100100111011010 (base 2) to base 3.
-221221020
Convert -1d131 (base 14) to base 7.
-426461
Convert 689158 (base 11) to base 10.
1095597
-198a02a (base 12) to base 13
-1174acb
Convert 1100001111111101010100 (base 2) to base 15.
43667c
Convert -15455342 (base 6) to base 12.
-227552
Convert -93591 (base 11) to base 6.
-2531443
-1100010010111100000001 (base 2) to base 15
-43a0b7
121022011210 (base 3) to base 11
1aa0a8
20021211102020 (base 3) to base 9
6254366
Convert -4bdd89 (base 14) to base 5.
-1132042323
61c560 (base 13) to base 3
11022000112000
What is 187a1d (base 16) in base 6?
54214301
Convert 750145 (base 9) to base 13.
128186
Convert 5474844 (base 9) to base 16.
2ce7d4
Convert 1a455 (base 12) to base 4.
21130001
What is 117b471 (base 16) in base 15?
19214e2
What is 20011031301 (base 4) in base 8?
10051561
Convert -14355 (base 6) to base 9.
-3138
Convert -870285 (base 9) to base 4.
-1332212132
Convert -61002 (base 7) to base 16.
-399f
What is 936d9 (base 15) in base 9?
782016
-113193 (base 12) to base 13
-98235
What is 4121611 (base 7) in base 11?
307316
8b48a (base 12) to base 2
101101010011101010
Convert -1100220000012 (base 3) to base 9.
-1326005
What is -1010111010100010 (base 2) in base 16?
-aea2
Convert -1021001221021210 (base 3) to base 7.
-306623262
What is -22020222001 (base 4) in base 14?
-4d2385
Convert -5067780 (base 9) to base 16.
-293be9
2010755 (base 8) to base 12
216091
Convert -1001001101111110111 (base 2) to base 9.
-510324
b6042 (base 13) to base 2
1001111111011101111
341e (base 16) to base 15
3e47
Convert -910327 (base 10) to base 11.
-571a40
What is -344034 (base 7) in base 10?
-61422
Convert -27164 (base 10) to base 15.
-80ae
6606121 (base 7) to base 3
1112002112201
Convert 102557 (base 8) to base 11.
23734
What is -44910 (base 12) in base 2?
-10110010000011100
-3143402 (base 5) to base 7
-310311
What is -500a626 (base 11) in base 16?
-875fbd
-2413230 (base 7) to base 3
-120112212010
Convert -1011302103 (base 4) to base 11.
-185838
Convert 101011302 (base 4) to base 6.
1300030
Convert -30502115 (base 7) to base 3.
-11210211100212
Convert 12113440 (base 5) to base 11.
78401
What is -4340311443 (base 5) in base 2?
-100011100000001111110011
What is -610641 (base 10) in base 2?
-10010101000101010001
What is -1dac9 (base 15) in base 8?
-275253
What is 6431564 (base 9) in base 3?
20111001122011
What is -fa3a2b (base 16) in base 2?
-111110100011101000101011
Convert -2002102210020 (base 3) to base 11.
-699655
76371 (base 11) to base 8
330502
Convert 110111111100100111 (base 2) to base 16.
37f27
What is -4321a0 (base 14) in base 8?
-10526160
What is 3a268 (base 12) in base 3?
11001112122
What is 839737 (base 12) in base 7?
23406301
What is -478435 (base 12) in base 11?
-719789
What is 544539 (base 11) in base 5?
210313130
Convert 101220110212 (base 3) to base 16.
34691
Convert 4100554 (base 9) to base 8.
10254063
-3a59a46 (base 13) to base 9
-37480005
Convert 3d74d (base 14) to base 10.
152361
-c767 (base 13) to base 2
-110101111110000
What is -1240411210 (base 5) in base 7?
-35003544
-10344143033 (base 5) to base 11
-6430852
Convert -143fb (base 16) to base 3.
-11012202211
What is 885144 (base 11) in base 7?
15001445
Convert -51224030 (base 6) to base 9.
-2673080
What is -14230750 (base 8) in base 4?
-30103013220
10222102011212 (base 3) to base 7
23653640
-134391 (base 15) to base 5
-214104221
What is 11111101011110110 (base 2) in base 12?
63132
What is 41002513 (base 6) in base 10?
1167021
552e3 (base 15) to base 6
5445023
Convert -55963 (base 11) to base 10.
-81018
Convert -459530 (base 11) to base 13.
-1c738b
14046652 (base 9) to base 16
69e4ec
What is 21251225 (base 6) in base 16?
99881
-1230231320 (base 4) to base 15
-8be1e
Convert 17661555 (base 8) to base 16.
3f636d
What is 10463554 (base 8) in base 10?
2254700
Convert -430402314 (base 5) to base 4.
-12321310231
110537 (base 8) to base 2
1001000101011111
-275675 (base 10) to base 13
-9862a
Convert -32020332333 (base 4) to base 8.
-16107677
6084 (base 16) to base 2
110000010000100
Convert -11131011023 (base 4) to base 15.
-1d39c5
Convert -700005 (base 8) to base 10.
-229381
Convert -1534864 (base 9) to base 13.
-239b6c
What is a2715 (base 11) in base 6?
3114051
Convert 6d68b (base 15) to base 16.
553b2
-1730768 (base 9) to base 5
-221340341
What is 10100000010010100110010 (base 2) in base 11?
2a68231
2aac3b (base 16) to base 2
1010101010110000111011
31616104 (base 9) to base 12
513287a
-10113431 (base 5) to base 10
-82366
What is -79124 (base 11) in base 3?
-12211012221
What is -ba59e4 (base 16) in base 4?
-232211213210
Convert -2022110022 (base 3) to base 6.
-550442
What is -1014003413 (base 5) in base 7?
-23541431
Convert -2d7e2 (base 15) to base 4.
-203313200
125764 (base 12) to base 16
493fc
7bb08a (base 14) to base 15
584a1a
Convert 354a4 (base 15) to base 4.
221131030
Convert 18b1496 (base 12) to base 5.
2313112104
Convert -29aa324 (base 11) to base 3.
-100200210011101
What is -1022022003 (base 4) in base 15?
-5eeec
Convert -22013013 (base 5) to base 3.
-100120120210
11164513 (base 8) to base 4
21032211023
What is 158a0 (base 12) in base 2?
111011110111000
What is -760284 (base 9) in base 11?
-28a340
1145373 (base 9) to base 10
620688
Convert 4007098 (base 10) to base 9.
7476631
Convert -25605117 (base 8) to base 12.
-1ab10bb
What is -21112102020212 (base 3) in base 13?
-aa2559
Convert -1110111120100 (base 3) to base 6.
-24355400
Convert 7929538 (base 10) to base 13.
1848346
-304332223 (base 6) to base 14
-9aa611
What is 352057 (base 9) in base 15?
429c7
-14103021 (base 5) to base 2
-100011001100001000
2b5a59c (base 13) to base 2
110101000010011011100110
What is -33124030 (base 5) in base 13?
-a031a
Convert -b0cdd2 (base 14) to base 13.
-130503c
What is -6a2d0 (base 15) in base 13?
-babb2
Convert 562444 (base 8) to base 16.
2e524
Convert 1123010 (base 7) to base 9.
233402
What is -1001001101100011000 (base 2) in base 9?
-510046
-455fe (base 16) to base 10
-284158
Convert -1163015 (base 7) to base 13.
-53300
What is -7a425b (base 13) in base 7?
-33411630
What is 93aa12 (base 11) in base 13?
40a476
What is -21210012002 (base 3) in base 5?
-14400402
Convert 344115 (base 6) to base 16.
72ef
-10114400 (base 8) to base 14
-3d8784
What is 560036 (base 10) in base 13?
167ba9
-101200220200 (base 3) to base 9
-350820
Convert -1802c (base 13) to base 15.
-da35
What is -1167634 (base 9) in base 16?
-9b254
Convert -101211211021 (base 3) to base 16.
-341dd
103235013 (base 6) to base 10
1840113
-182b86 (base 12) to base 3
-210022221110
-19565 (base 15) to base 4
-110010230
Convert 10011101100100000001010 (base 2) to base 16.
4ec80a
1118704 (base 13) to base 16
5009f2
Convert -100110110101100010100 (base 2) to base 11.
-79a136
Convert 6e00b (base 16) to base 15.
8d781
Convert -1e371 (base 16) to base 2.
-11110001101110001
Convert 8f156 (base 16) to base 8.
2170526
-1010120011112 (base 3) to base 2
-10010010110111001011
Convert -1341333 (base 5) to base 7.
-143545
What is 1068650 (base 11) in base 4?
13020233310
-b143a (base 13) to base 16
-4d6a5
-f4507 (base 16) to base 11
-623938
Convert 1d54b (base 15) to base 10.
95696
What is -1923197 (base 10) in base 15?
-27ec82
1651c66 (base 13) to base 3
111112212211221
3939 (base 12) to base 3
22221200
Convert 7a276 (base 15) to base 9.
652153
What is 1124066 (base 7) in base 2?
100010010110000110
What is 19a2983 (base 12) in base 8?
24574363
Convert 1d2983 (base 16) to base 10.
1911171
What is -543527 (base 9) in base 11?
-201562
-2